{"id":15,"date":"2023-09-13T14:25:42","date_gmt":"2023-09-13T12:25:42","guid":{"rendered":"https:\/\/localhost\/tpdott\/?page_id=15"},"modified":"2025-02-22T18:24:28","modified_gmt":"2025-02-22T17:24:28","slug":"tournoi-banquet","status":"publish","type":"page","link":"https:\/\/toulouse-pattedoie-tt.fr\/?page_id=15","title":{"rendered":"TOURNOI BANQUET"},"content":{"rendered":"\n<p><strong>Jeunes, adultes, loisirs, comp\u00e9titeurs, f\u00e9minines, d\u00e9butants s\u2019affrontent sans distinction<\/strong> !<\/p>\n\n\n\n<p>Le club organise tout le long de l\u2019ann\u00e9e des tournois internes qui permettent aux joueurs de se rencontrer dans la bonne humeur.<\/p>\n\n\n\n<p>Les familles et amis sont \u00e9galement convi\u00e9s \u00e0 s&rsquo;inscrire au tournoi ou jouer les supporters.<\/p>\n\n\n\n<ul class=\"wp-block-list\">\n<li>Ils ont lieu g\u00e9n\u00e9ralement le <strong>vendredi avant les vacances scolaires.<\/strong><\/li>\n\n\n\n<li><strong>A partir de 20h30 <\/strong><\/li>\n<\/ul>\n\n\n\n<p><strong>Limitation \u00e0 48 joueurs<\/strong> sur inscription aupr\u00e8s du Club.<br><br>Par \u00e9quit\u00e9 <strong>les rencontres <\/strong>se jouent avec handicap.<\/p>\n\n\n\n<p>Il y aura donc des surprises : tout le monde peut gagner !<\/p>\n\n\n\n<p><strong>Tournoi gratuit mais CHACUN APPORTE QUELQUE CHOSE A MANGER<\/strong> dans la mesure de ses possibilit\u00e9s.<br><\/p>\n\n\n\n<p><strong>La devise : Boire, manger, jouer, gagner !<\/strong><\/p>\n\n\n\n<p>Depuis plus de 10 ans, la formule conna\u00eet un vrai succ\u00e8s avec 40 joueurs en moyenne par tour !<\/p>\n\n\n\n<p>A la fin de chaque tournoi, des <strong>points<\/strong> sont comptabilis\u00e9s et permettent d\u2019\u00e9tablir un classement final.<\/p>\n\n\n\n<p><strong>N\u2019h\u00e9sitez pas \u00e0 nous contacter nous serons heureux de vous accueillir !<\/strong><\/p>\n","protected":false},"excerpt":{"rendered":"<p>Jeunes, adultes, loisirs, comp\u00e9titeurs, f\u00e9minines, d\u00e9butants s\u2019affrontent sans distinction ! Le club organise tout le long de l\u2019ann\u00e9e des tournois internes qui permettent aux joueurs de se rencontrer dans la bonne humeur. Les familles et amis sont \u00e9galement convi\u00e9s \u00e0 s&rsquo;inscrire au tournoi ou jouer les supporters. Limitation \u00e0 48 joueurs sur inscription aupr\u00e8s du Club. Par \u00e9quit\u00e9 les rencontres se jouent avec handicap. Il y aura donc des surprises : tout le monde peut gagner ! Tournoi gratuit mais CHACUN APPORTE QUELQUE CHOSE A MANGER dans la mesure de ses possibilit\u00e9s. La devise : Boire, manger, jouer, gagner !&#8230; <\/p>\n","protected":false},"author":1,"featured_media":18,"parent":0,"menu_order":0,"comment_status":"closed","ping_status":"closed","template":"","meta":{"ngg_post_thumbnail":0,"footnotes":""},"class_list":["post-15","page","type-page","status-publish","has-post-thumbnail","hentry"],"rttpg_featured_image_url":{"full":["https:\/\/toulouse-pattedoie-tt.fr\/wp-content\/uploads\/2023\/09\/banquet-gaulois.jpg",690,412,false],"landscape":["https:\/\/toulouse-pattedoie-tt.fr\/wp-content\/uploads\/2023\/09\/banquet-gaulois.jpg",690,412,false],"portraits":["https:\/\/toulouse-pattedoie-tt.fr\/wp-content\/uploads\/2023\/09\/banquet-gaulois.jpg",690,412,false],"thumbnail":["https:\/\/toulouse-pattedoie-tt.fr\/wp-content\/uploads\/2023\/09\/banquet-gaulois-150x150.jpg",150,150,true],"medium":["https:\/\/toulouse-pattedoie-tt.fr\/wp-content\/uploads\/2023\/09\/banquet-gaulois-300x179.jpg",300,179,true],"large":["https:\/\/toulouse-pattedoie-tt.fr\/wp-content\/uploads\/2023\/09\/banquet-gaulois.jpg",690,412,false],"1536x1536":["https:\/\/toulouse-pattedoie-tt.fr\/wp-content\/uploads\/2023\/09\/banquet-gaulois.jpg",690,412,false],"2048x2048":["https:\/\/toulouse-pattedoie-tt.fr\/wp-content\/uploads\/2023\/09\/banquet-gaulois.jpg",690,412,false],"homepage-thumb":["https:\/\/toulouse-pattedoie-tt.fr\/wp-content\/uploads\/2023\/09\/banquet-gaulois.jpg",240,143,false]},"rttpg_author":{"display_name":"userwp_tpott","author_link":"https:\/\/toulouse-pattedoie-tt.fr\/?author=1"},"rttpg_comment":0,"rttpg_category":null,"rttpg_excerpt":"Jeunes, adultes, loisirs, comp\u00e9titeurs, f\u00e9minines, d\u00e9butants s\u2019affrontent sans distinction ! Le club organise tout le long de l\u2019ann\u00e9e des tournois internes qui permettent aux joueurs de se rencontrer dans la bonne humeur. Les familles et amis sont \u00e9galement convi\u00e9s \u00e0 s&rsquo;inscrire au tournoi ou jouer les supporters. Limitation \u00e0 48 joueurs sur inscription aupr\u00e8s du\u2026","_links":{"self":[{"href":"https:\/\/toulouse-pattedoie-tt.fr\/index.php?rest_route=\/wp\/v2\/pages\/15","targetHints":{"allow":["GET"]}}],"collection":[{"href":"https:\/\/toulouse-pattedoie-tt.fr\/index.php?rest_route=\/wp\/v2\/pages"}],"about":[{"href":"https:\/\/toulouse-pattedoie-tt.fr\/index.php?rest_route=\/wp\/v2\/types\/page"}],"author":[{"embeddable":true,"href":"https:\/\/toulouse-pattedoie-tt.fr\/index.php?rest_route=\/wp\/v2\/users\/1"}],"replies":[{"embeddable":true,"href":"https:\/\/toulouse-pattedoie-tt.fr\/index.php?rest_route=%2Fwp%2Fv2%2Fcomments&post=15"}],"version-history":[{"count":2,"href":"https:\/\/toulouse-pattedoie-tt.fr\/index.php?rest_route=\/wp\/v2\/pages\/15\/revisions"}],"predecessor-version":[{"id":2062,"href":"https:\/\/toulouse-pattedoie-tt.fr\/index.php?rest_route=\/wp\/v2\/pages\/15\/revisions\/2062"}],"wp:featuredmedia":[{"embeddable":true,"href":"https:\/\/toulouse-pattedoie-tt.fr\/index.php?rest_route=\/wp\/v2\/media\/18"}],"wp:attachment":[{"href":"https:\/\/toulouse-pattedoie-tt.fr\/index.php?rest_route=%2Fwp%2Fv2%2Fmedia&parent=15"}],"curies":[{"name":"wp","href":"https:\/\/api.w.org\/{rel}","templated":true}]}}