{"id":2246,"date":"2025-09-20T18:09:47","date_gmt":"2025-09-20T16:09:47","guid":{"rendered":"https:\/\/localhost\/tpdott\/?page_id=2246"},"modified":"2025-09-20T18:09:47","modified_gmt":"2025-09-20T16:09:47","slug":"equipes","status":"publish","type":"page","link":"https:\/\/toulouse-pattedoie-tt.fr\/?page_id=2246","title":{"rendered":"Equipes"},"content":{"rendered":"\n<p>Equipe 1 &#8211; R\u00e9gionale 1<\/p>\n\n\n\n<p>Equipe 2 &#8211; R\u00e9gionale 3<\/p>\n\n\n\n<p>Equipe 3 &#8211; D\u00e9partementale 1<\/p>\n\n\n\n<p>Equipe 4 &#8211; D\u00e9partementale 2<\/p>\n\n\n\n<p>Equipe 5 &#8211; D\u00e9partementale 3<\/p>\n\n\n\n<p>Equipe 6 &#8211; D\u00e9partementale 3<\/p>\n","protected":false},"excerpt":{"rendered":"<p>Equipe 1 &#8211; R\u00e9gionale 1 Equipe 2 &#8211; R\u00e9gionale 3 Equipe 3 &#8211; D\u00e9partementale 1 Equipe 4 &#8211; D\u00e9partementale 2 Equipe 5 &#8211; D\u00e9partementale 3 Equipe 6 &#8211; D\u00e9partementale 3<\/p>\n","protected":false},"author":1,"featured_media":0,"parent":0,"menu_order":0,"comment_status":"closed","ping_status":"closed","template":"","meta":{"ngg_post_thumbnail":0,"footnotes":""},"class_list":["post-2246","page","type-page","status-publish","hentry"],"rttpg_featured_image_url":null,"rttpg_author":{"display_name":"userwp_tpott","author_link":"https:\/\/toulouse-pattedoie-tt.fr\/?author=1"},"rttpg_comment":0,"rttpg_category":null,"rttpg_excerpt":"Equipe 1 &#8211; R\u00e9gionale 1 Equipe 2 &#8211; R\u00e9gionale 3 Equipe 3 &#8211; D\u00e9partementale 1 Equipe 4 &#8211; D\u00e9partementale 2 Equipe 5 &#8211; D\u00e9partementale 3 Equipe 6 &#8211; D\u00e9partementale 3","_links":{"self":[{"href":"https:\/\/toulouse-pattedoie-tt.fr\/index.php?rest_route=\/wp\/v2\/pages\/2246","targetHints":{"allow":["GET"]}}],"collection":[{"href":"https:\/\/toulouse-pattedoie-tt.fr\/index.php?rest_route=\/wp\/v2\/pages"}],"about":[{"href":"https:\/\/toulouse-pattedoie-tt.fr\/index.php?rest_route=\/wp\/v2\/types\/page"}],"author":[{"embeddable":true,"href":"https:\/\/toulouse-pattedoie-tt.fr\/index.php?rest_route=\/wp\/v2\/users\/1"}],"replies":[{"embeddable":true,"href":"https:\/\/toulouse-pattedoie-tt.fr\/index.php?rest_route=%2Fwp%2Fv2%2Fcomments&post=2246"}],"version-history":[{"count":1,"href":"https:\/\/toulouse-pattedoie-tt.fr\/index.php?rest_route=\/wp\/v2\/pages\/2246\/revisions"}],"predecessor-version":[{"id":2247,"href":"https:\/\/toulouse-pattedoie-tt.fr\/index.php?rest_route=\/wp\/v2\/pages\/2246\/revisions\/2247"}],"wp:attachment":[{"href":"https:\/\/toulouse-pattedoie-tt.fr\/index.php?rest_route=%2Fwp%2Fv2%2Fmedia&parent=2246"}],"curies":[{"name":"wp","href":"https:\/\/api.w.org\/{rel}","templated":true}]}}